-303?
252
In base 16, what is e - -42?
50
In base 7, what is 3 + -154?
-151
In base 4, what is 303322 + -3?
303313
In base 15, what is 8 - -66?
6e
In base 16, what is 10a + -3?
107
In base 10, what is 4 - 491?
-487
In base 10, what is -92 - -14?
-78
In base 10, what is -15 + -573?
-588
In base 16, what is -5 - c?
-11
In base 11, what is 790 - 0?
790
In base 9, what is 45 - 101?
-45
In base 8, what is 7 + -1073?
-1064
In base 14, what is -2 - -598?
596
In base 5, what is -404332 + -2?
-404334
In base 15, what is 83 - -1?
84
In base 11, what is -a + 150?
141
In base 10, what is -1 + 380?
379
In base 7, what is -614 + 50?
-534
In base 3, what is 1 + 1021?
1022
In base 2, what is -10010 + -100011001?
-100101011
In base 10, what is 5 - 32?
-27
In base 6, what is -25 - 34?
-103
In base 15, what is -1e + 144?
125
In base 12, what is 521 + 6?
527
In base 8, what is 12544 - -5?
12551
In base 4, what is -10 + 20?
10
In base 7, what is -55450 + -5?
-55455
In base 10, what is -53 + 33?
-20
In base 8, what is 205 + -72?
113
In base 13, what is 17 + 5c?
76
In base 8, what is -123 - 4?
-127
In base 16, what is 543 + 1?
544
In base 11, what is -50 + -5?
-55
In base 4, what is -11 + 211132?
211121
In base 8, what is -2242 - 13?
-2255
In base 4, what is -20 - 1210?
-1230
In base 9, what is -47 + -151?
-208
In base 11, what is -a - 75?
-84
In base 7, what is 43 + 61?
134
In base 10, what is -39 + 23?
-16
In base 12, what is 28 + 27?
53
In base 8, what is -52 + -14?
-66
In base 4, what is -11 + -1230?
-1301
In base 16, what is -1f + 14?
-b
In base 3, what is 2020 - -11220?
21010
In base 12, what is -44 - 15?
-59
In base 15, what is 3 - -5cb?
5ce
In base 2, what is 1101110 - 1?
1101101
In base 5, what is 11 - 233?
-222
In base 6, what is 1 + -3?
-2
In base 12, what is 19 + -64?
-47
In base 16, what is -6 + 14c?
146
In base 5, what is 124 + -3?
121
In base 9, what is -1473 + -10?
-1483
In base 16, what is 2 - 8?
-6
In base 10, what is 63 - 208?
-145
In base 11, what is 49 - -a?
58
In base 3, what is -21 + 202?
111
In base 10, what is 10 + 0?
10
In base 15, what is -3 + -172?
-175
In base 2, what is 1 - -11101111110?
11101111111
In base 11, what is -7 - -11?
5
In base 3, what is -21202 - -1?
-21201
In base 3, what is -2 - 102?
-111
In base 12, what is -5 - -15?
10
In base 15, what is -547 + 1?
-546
In base 10, what is -1456 + 5?
-1451
In base 12, what is a2 + -5?
99
In base 7, what is -12 - 14?
-26
In base 5, what is -130 - -1044?
414
In base 6, what is 4 + -10055?
-10051
In base 11, what is -21 + -3?
-24
In base 3, what is -11010211 + -11?
-11010222
In base 13, what is -1b98 - -1?
-1b97
In base 11, what is -6 + -a?
-15
In base 5, what is 1422 + 2?
1424
In base 13, what is 9 + -82?
-76
In base 14, what is 1 - 5d7?
-5d6
In base 7, what is 1001 - -10?
1011
In base 8, what is -4 - -71?
65
In base 2, what is -10011 + 111?
-1100
In base 12, what is -13b - 17?
-156
In base 16, what is 0 - 10?
-10
In base 7, what is -1 + -6330?
-6331
In base 4, what is 11 - -232?
303
In base 8, what is 3537 + -1?
3536
In base 4, what is 10321 - 10?
10311
In base 7, what is 12 + 115?
130
In base 14, what is -4 - -107?
103
In base 2, what is -11 + 100011000?
100010101
In base 5, what is 230 + -4?
221
In base 4, what is -1132 - -2?
-1130
In base 12, what is 35b - -7?
366
In base 4, what is 3030 + 0?
3030
In base 13, what is 43 + 1c?
62
In base 5, what is 12 - 403?
-341
In base 10, what is -2 - -179?
177
In base 13, what is 3 - 149?
-146
In base 12, what is a77 - 0?
a77
In base 13, what is -421 - -6?
-418
In base 5, what is 10 - -4313?
4323
In base 16, what is bc4 - -4?
bc8
In base 10, what is -4 - 5?
-9
In base 13, what is -51 - 2?
-53
In base 5, what is 1411 - 4?
1402
In base 5, what is 124 - -12?
141
In base 12, what is -2 - -144?
142
In base 5, what is 3333 - -21?
3404
In base 14, what is -449 + -6?
-451
In base 6, what is 1 - -230?
231
In base 12, what is 13 - -2?
15
In base 15, what is -150 + c?
-143
In base 11, what is -3 - 6?
-9
In base 3, what is -122 - 111?
-1010
In base 4, what is 1 + -321?
-320
In base 15, what is 6 - d66?
-d60
In base 15, what is 4 - 71?
-6c
In base 16, what is 2 + -7c?
-7a
In base 9, what is 5 + 24?
30
In base 5, what is 11 + -111?
-100
In base 13, what is 35 + -44?
-c
In base 2, what is 11 + -100001110110?
-100001110011
In base 10, what is 4 + -45?
-41
In base 10, what is -519 - -45?
-474
In base 5, what is 1 - -1003?
1004
In base 12, what is 99 - -8?
a5
In base 2, what is -111110 - -11011?
-100011
In base 3, what is -10 - -100?
20
In base 11, what is 5444 - 4?
5440
In base 8, what is -121 - 34?
-155
In base 10, what is 2 - -1545?
1547
In base 15, what is -7 - -20c?
205
In base 4, what is -2202130 - 2?
-2202132
In base 15, what is 2 + -b?
-9
In base 6, what is -10 + 155?
145
In base 5, what is -4 - 2113?
-2122
In base 16, what is d + 80?
8d
In base 16, what is -3 + -58?
-5b
In base 8, what is 613 + -1?
612
In base 9, what is -6215 + -2?
-6217
In base 2, what is 1100010001 + 101?
1100010110
In base 4, what is 31323 - 0?
31323
In base 9, what is 3657 + 5?
3663
In base 16, what is 1 + -f6?
-f5
In base 9, what is 1 + -2043?
-2042
In base 2, what is -10010 + 100?
-1110
In base 14, what is -503d - 5?
-5044
In base 13, what is 5 + -21?
-19
In base 3, what is 1201112 + -112?
1201000
In base 14, what is -8 - 23?
-2b
In base 8, what is 23 + 76?
121
In base 6, what is -44 + -110?
-154
In base 4, what is 31 - 13303?
-13212
In base 3, what is -1 + 20201?
20200
In base 15, what is 3c + -61?
-24
In base 4, what is -333 + -30?
-1023
In base 4, what is -131 + 10?
-121
In base 5, what is -3 - 43342?
-43400
In base 3, what is -2100 + -120?
-2220
In base 15, what is -4 - -1090?
108b
In base 11, what is 2 - -4328?
432a
In base 10, what is 62 + 65?
127
In base 8, what is -36 + -1?
-37
In base 7, what is -5 - 30?
-35
In base 10, what is 4 - -12?
16
In base 11, what is 1935 + 2?
1937
In base 11, what is 0 + -447?
-447
In base 8, what is -21 - -17?
-2
In base 12, what is 1 - 524?
-523
In base 5, what is 2 + 1334?
1341
In base 9, what is 2 - 577?
-575
In base 8, what is 0 - -4051?
4051
In base 2, what is -10011 + 10001?
-10
In base 3, what is -100 + 2021?
1221
In base 16, what is 282 - 15?
26d
In base 2, what is -110001 + -101?
-110110
In base 12, what is 2757a - 2?
27578
In base 5, what is 11122 - 4?
11113
In base 6, what is -352 - 25?
-421
In base 6, what is 5035 - -3?
5042
In base 12, what is 8b3 + 4?
8b7
In base 5, what is -4 + 10322?
10313
In base 3, what is 2 + -20201?
-20122
In base 7, what is 3 - 51?
-45
In base 14, what is b5 - b?
a8
In base 5, what is 1032 - -24?
1111
In base 8, what is -4 - 24?
-30
In base 4, what is 2000 + -11?
1323
In base 15, what is -17 + 187?
170
In base 16, what is 78 - 4?
74
In base 3, what is 102 - -102020?
102122
In base 5, what is 34 + 20?
104
In base 3, what is -22212 + 10100?
-12112
In base 8, what is -143 + 11?
-132
In base 12, what is 5 - -18?
21
In base 14, what is 430 - -1?
431
In base 3, what is -1121 + 1112?
-2
In base 3, what is -1 - -20221?
20220
In base 4, what is 12330 - -11?
13001
In base 6, what is -505 + -33?
-542
In base 4, what is -1100 - 12?
-1112
In base 9, what is -1 - -1871?
1870
In base 12, what is -168 + 1?
-167
In base 12, what is 3 - 2?
1
In base 3, what is -1 - -20021?
20020
In base 7, what is 22 + 102?
124
In base 10, what is -206 + -57?
-263
In base 6, what is -4101 + 4?
-4053
In base 15, what is -1d - -4?
-19
In base 10, what is 7 + -9?
-2
In base 16, what is 7 - c?
-5
In base 7, what is -1032 + -3?
-1035
In base 16, what is 1a5 + 6?
1ab
In base 7, what is -1 - -24622?
24621
In base 10, what is -5931 + 2?
-5929
In base 12, what is 860 + 5?
865
In base 9, what is 0 - -1234?
1234
In base 15, what is 1 - -e1?
e2
In base 7, what is 0 - -420?
420
In base 4, what is 11 - -11302?
11313
In base 4, what is 2100 - 122?
1312
In base 3, what is -21120020 - 2?
-21120022
In base 12, what is 175 - 0?
175
In base 5, what is -10041 + -1?
-10042
In base 6, what is -51 + 4?
-43
In base 10, what is 0 + -23?
-23
In base 5, what is -10 + -40301?
-40311
In base 5, what is -1 - 12042?
-12043
In base 11, what is -5 + 9?
4
In base 15, what is -4 + 28cb?
28c7
In base 11, what is 0 + -19?
-19
In base 10, what is -3 - 28?
-31
In base 9, what is 